pose 0 = q*c - 15, -4*y + 6*c + 803 = 7*c. List the prime factors of y.
2, 5
Suppose 0 = -4*n - 12, -3*n + 16506 = 24*l - 19*l. What are the prime factors of l?
3, 367
Let y be 3/(-18)*-10 + (-4)/(-12). Suppose -y*w + h - 139 = 0, -3*w - h = -4*w - 72. What are the prime factors of (-8 - w) + 2*2?
3, 7
Let i = 2680 + -2066. What are the prime factors of i?
2, 307
Suppose -3*w + u + 10 = 0, -2*w - 5*u - 1 = -2. Suppose z + h = 7, -5*z + 66 + 1 = -w*h. Suppose z*o - 10*o = 79. What are the prime factors of o?
79
Suppose 273 = -3*j - 2*x, -2*j + 4*x = -x + 163. Suppose 0 = 25*b + 1751 - 601. Let v = b - j. What are the prime factors of v?
43
Suppose 5*f = -20, -4*c - 3*f - 12 = -8*f. Let x(r) = 12*r**2 + 7*r - 2. What are the prime factors of x(c)?
2, 5, 71
Suppose 1834 = n + 2*n - l, -1241 = -2*n - 3*l. Let b be (-22)/(-352) + 24260/(-64). Let h = n + b. List the prime factors of h.
2, 3, 13
Let g = -46 - -84. Suppose -2*r = q - 36, 3*q - r - g - 35 = 0. Suppose -q*b - 132 = -30*b. List the prime factors of b.
3, 11
Let t(s) be the third derivative of 7*s**4/12 + s**3/2 - 12*s**2. Let r be t(-2). List the prime factors of r/(-100) - (-199)/4.
2, 5
Suppose -12 = -2*f + 9*q - 6*q, -2*f + 2*q + 8 = 0. Suppose 0 = -4*g - 4*j + 2600, f*j - 3*j + 6 = 0. List the prime factors of g.
2, 3
Let k(j) = -2*j**3 - 11*j**2 - 2*j + 10. Let s be k(-5). What are the prime factors of 467 - (s + -3 + 5)?
2, 5, 47
Suppose -230186 = -47*u + 25*u. What are the prime factors of u?
10463
Let l(c) = -c**3 + 30*c**2 + 65*c - 18. Let m be l(32). Suppose -m*w + 17*w = 1221. List the prime factors of w.
11, 37
Let k = 11 - 7. Suppose 5*d - k*i = 923, i - 547 = 2*d - 5*d. Suppose 43 = t - 2*l, -3*l - d = -5*t - l. List the prime factors of t.
5, 7
Suppose 0 = -4*c - 16, 2*b - 3*b = 2*c + 5. Suppose 0 = -4*n - 5*g + 49, -5*g = -28 + b. What are the prime factors of (6/4)/(n/444)?
3, 37
Let h = -205 + 87. Let q = h - -188. Suppose 8*b = 9*b - q. What are the prime factors of b?
2, 5, 7
Let o(z) = 482*z - 1718. What are the prime factors of o(7)?
2, 3, 23
Let u = 23690 - 10271. What are the prime factors of u?
3, 7, 71
What are the prime factors of (-3)/(-13 + 898756/69136)?
2, 29, 149
Let d(z) = 94*z + 1248*z + 12 - 32 + 4. Let v be d(13). What are the prime factors of v/189 + (4/(-18))/1?
2, 23
Suppose 4*i = -3*w + 89, 5*w - 210 = 3*i - 23. Let g = 38 - w. Suppose -5*b = -f - 400, g*b - b = -4*f + 138. What are the prime factors of b?
79
Let v = 20479 + -4102. What are the prime factors of v?
3, 53, 103
Suppose 7*v - 3*v = 1960. Let t = -105 + 108. Suppose 4*f - i = 399, 5*f - t*i = -0*f + v. What are the prime factors of f?
101
Suppose 4 = g - o, 2*g - 3*g = -3*o - 6. Suppose d + d - 409 = -c, 621 = 3*d + 4*c. Suppose 0 = g*j + 41 - d. List the prime factors of j.
2, 3
Suppose t + 3*t + 56 = 2*y, 5*y + 3*t - 88 = 0. Let n(i) = 7 + y*i - 35*i + 21*i. What are the prime factors of n(20)?
127
Let j = -9 - -15. Let a be -3*(-16)/j + -4. List the prime factors of -72*1*(a - 5).
2, 3
Let k be (21 + -20)*66/(-3). Let s(p) = -11*p + 197. What are the prime factors of s(k)?
439
Suppose -5*x = 5*h - 60285, -66*h + 64*h - 4*x + 24118 = 0. What are the prime factors of h?
5, 2411
Suppose 3*r + 316 = o + 64, -4*r - 2*o = 326. Let k = r + 820. Suppose -k = -4*q + 47. What are the prime factors of q?
2, 7
Let p = 22 + 2. Suppose -p*j + 26*j - 8 = 0. Suppose 0 = -n - n + t + 312, j*t = 0. List the prime factors of n.
2, 3, 13
Let n(r) = 11*r**2 - 14*r - 17. Suppose -3*u = 9*u + 84. Let s be n(u). Suppose -l + v - 62 + 196 = 0, 0 = -5*l - 5*v + s. What are the prime factors of l?
3, 43
Suppose 0 = 52*h - 55*h - 24. What are the prime factors of 7 + h + 1626/2?
2, 7, 29
Suppose 12 = -2*j + 22. Suppose j*x - 1869 = 2186. List the prime factors of x.
811
Let p(x) = -12*x + 44. Let d(i) = 11*i - 43. Let s(c) = -3*d(c) - 2*p(c). What are the prime factors of s(-13)?
2, 79
Let h be (-2)/5*(-59900)/40. Let d = 890 - h. List the prime factors of d.
3, 97
Suppose -v + 0*t - 149 = 2*t, 3*v + 491 = 5*t. Let n = v - -316. Let m = -69 + n. List the prime factors of m.
2, 3, 5
Suppose -4*r + 3*v - 2243 = -18148, 4*r - v - 15915 = 0. Suppose 5*f - r = -m, -f - 2*m - 1580 = -3*f. List the prime factors of f.
3, 5, 53
Suppose 6*y = w + 37, -11 = -5*w - y - 10. Let q be (119/3)/(2/6). Let n = q - w. List the prime factors of n.
2, 3, 5
List the prime factors of (-12 - -13)/(10/(-25)*15/(-10062)).
3, 13, 43
Suppose -2*c = 5*y + 11310, -2*y + 6*y - 5*c + 9015 = 0. List the prime factors of 10*y/(-150)*(-3)/(-1).
2, 113
Let n(k) = k**3 + 14*k**2 + 18*k - 7. Let s(i) = -5*i**3 - 57*i**2 - 72*i + 29. Let q(w) = 9*n(w) + 2*s(w). What are the prime factors of q(12)?
211
Suppose -26*p + 25 = -21*p. Suppose p = a + 3. Suppose -2*w - y + 41 = -217, a*y = 4*w - 508. What are the prime factors of w?
2
Suppose 13 = 2*z + 3. Let o(q) = q**3 - 39*q**2 + 33*q + 193. Let k be o(38). Suppose -z*m + k*m = r - 54, 3 = 3*m. What are the prime factors of r?
2, 13
Let a be (-7)/(-14) - -2*6/8. Let g be 26 + 1 - (14 + -19). What are the prime factors of -261*(a + g/(-12))?
2, 3, 29
Let w(u) be the third derivative of -1/30*u**5 + 0*u - 17/24*u**4 + 0 - 13/6*u**3 + 2*u**2. List the prime factors of w(-7).
2
Suppose -3*s - 82 = 2*a + 2*a, 0 = -s - 4*a - 22. Let i(h) = 41*h**3 - h**2 + 19*h - 18. Let v be i(1). Let m = v + s. What are the prime factors of m?
11
Let g(i) = 170*i**2 - 93*i + 2204. List the prime factors of g(20).
2, 8543
Let n = -745 + 5641. List the prime factors of n.
2, 3, 17
Suppose -p = -9 + 7. List the prime factors of (p + -5 - -3) + (-4 - -363).
359
Let t = -56618 + 82514. List the prime factors of t.
2, 3, 13, 83
Suppose -3*x - 4*i = -6*i, -3*i = 3*x. Suppose 4*t = -x*t. Suppose t = v - 98 - 53. What are the prime factors of v?
151
Suppose 22*o - 19*o - 117335 = -4*q, 4*q + 117319 = 3*o. What are the prime factors of o?
7, 37, 151
Let u = 6 - -6. Suppose 0 = 2*s - 6*s + u. Suppose 390 = 3*p + s*p. What are the prime factors of p?
5, 13
Let l = -605 - -1989. Suppose -5*r + 171 = -l. What are the prime factors of r?
311
Let a be (1/3)/(8/(-384)*-4). Suppose a*x + 178 = 1238. List the prime factors of x.
5, 53
Let g be (-8)/(-6)*(-17 - -1 - -1). Let o(z) = z**2 - 10*z - 24. List the prime factors of o(g).
2, 3
Let d(g) be the second derivative of 0*g**2 - 1/4*g**4 + 1/6*g**3 + 8*g + 5/2*g**5 + 0. What are the prime factors of d(1)?
2, 3
Let q = -62587 + 91020. List the prime factors of q.
28433
Let p(y) = -27*y. Let i be -2 - (3/(-1) - -1). Let b be 3 + (i - (3 - -1)). List the prime factors of p(b).
3
Let k be (7 - 0)*(8 + 1 + -7). Suppose 10456 = k*b - 5812. What are the prime factors of b?
2, 7, 83
Let z be 0 - (-6 + 11 - 59). Let b = z - -11. List the prime factors of b.
5, 13
Let h be 1 - (6/30 + (-22)/10). Let j(s) = s**2 + s - 12. Let x be j(h). Suppose x = 2*r - 5*y - 258, -5*r + 3*y + 417 = -190. List the prime factors of r.
7, 17
What are the prime factors of (21*(-9)/216*508)/(2/(-276))?
3, 7, 23, 127
Let n(y) be the third derivative of y**6/30 - 7*y**5/60 + y**4/4 + 8*y**3/3 - 94*y**2. List the prime factors of n(5).
7, 53
Suppose 4*w - 5*w = w. Suppose -z + 10 = -4*a, w = -z + a + 8 - 4. Suppose -126 = -2*r + 3*l, -5*l - 126 = -z*r - 4*l. What are the prime factors of r?
3, 7
Suppose x - 1240 = 4*s, -4*x - 12 = -x. Let o = 535 + s. What are the prime factors of o?
2, 7
What are the prime factors of (-6)/(-12)*6/33 + 242442/99?
31, 79
Let k(r) = 344*r + 3. Let i be k(2). Let c = -370 + i. List the prime factors of c.
3, 107
Suppose o = j + 88 + 94, 5*o - 2*j - 901 = 0. Let f be (3/4)/((-8)/(-32)). Suppose -f*d + o = t, 0 = -t + 3*t + 3*d - 343. What are the prime factors of t?
2, 41
Let k(z) = -40*z - 3. Let h be k(-15). Let q = 973 - h. Suppose -4*d = 4*u - q, d + 4*d + u - 486 = 0. What are the prime factors of d?
2, 7
Suppose 0 = 67*q + 100*q - 1746987. What are the prime factors of q?
3, 11, 317
Let n(j) = j**3 + j**2 + 3*j + 2. Let s be n(-4). Let d = s + 61. Suppose d*h = -0*h + 504. List the prime factors of h.
2, 3, 7
Let j(l) = 70*l**2 + 0 - 58*l**2 - 58 - 37*l - 40 + 167*l**2. List the prime factors of j(-3).
2, 7, 29
Let o be 4/(-8) + (-317779)/22. What are the prime factors of o/(-75) +